t g = 1 + -1. Suppose g = -0*i + 3*i - 6. Suppose 4*k - 22 = 5*d, -i*k + 20 + 2 = 3*d. What is the units digit of k?
8
Let r(z) be the third derivative of 17*z**4/24 + 2*z**3/3 - z**2. What is the units digit of r(2)?
8
Suppose -3 = x - 2, 4*w - 221 = 5*x. What is the tens digit of w?
5
Let c be -3 + (-1 + -1)/2. What is the units digit of c/3*21/(-14)?
2
Let k be (-238 - 2)/(6/(-4)). Suppose k = 2*m + 3*m. Suppose 2*w + n = 5*n + m, 4*w + n = 28. What is the units digit of w?
8
Suppose 0 = 6*y - 4*y - 6. What is the tens digit of (4 + y)*48/14?
2
Let t = -8 + 1. Let x(j) be the third derivative of j**6/120 + 2*j**5/15 + j**4/4 - j**3 + 6*j**2. What is the units digit of x(t)?
1
Let u(b) = 2*b**2 + 10*b + 9. What is the units digit of u(-6)?
1
Let w = 23 + 109. What is the hundreds digit of w?
1
Let i be 0 + (-2 - -8) + 4. What is the units digit of (24/i)/(6/45)?
8
Suppose 0 = 3*r - 673 - 251. What is the tens digit of r?
0
Let z(n) = n**2 - 5*n - 3. Let b be z(6). Suppose 0 = -b*x + 5*x - 22. What is the units digit of (x/2)/(-1)*-2?
1
Let w(m) = 12*m. What is the units digit of w(2)?
4
Let u be (-13)/3 + 4/(-6). Let t(d) = -8*d + 1. Let o be t(u). Suppose 5*q - o + 1 = 0. What is the units digit of q?
8
Suppose 0 = -5*t - d + 16, 4*d = -t - 0*d + 7. Let x = 12 + t. What is the units digit of x?
5
Suppose -5*r + 5 = -3*a - 2*a, 4*a + 6 = 2*r. Let v(z) = -4*z**3 + 3*z**2 + z - 2. What is the units digit of v(a)?
0
Let j = -294 + 627. What is the units digit of j?
3
Let a(z) = 2*z**2 + 4*z + 1. What is the tens digit of a(-6)?
4
Suppose -m = 3*j - 10, -m - 2 = -2*m + j. Let i(z) = -6*z - m - 2*z + 2 + 3. What is the units digit of i(-2)?
7
Suppose -r + 4*d - 12 = 0, -19 - 16 = -5*r + d. Let a = r - -6. What is the units digit of a?
4
Let a be 4/12 + (-4)/(-6). Let k be a + ((-6)/(-3) - 1). What is the units digit of 18/3 - (-1 + k)?
5
Suppose -2*d = -134 + 18. What is the tens digit of d?
5
Suppose 2*i - 12 = 6. Suppose w = 4*g - 17, 3*g + 8*w - i = 5*w. What is the units digit of g?
4
Suppose -3*d - 9 = -4*j, -3*d = -3*j + 3 - 0. What is the units digit of 0/(-1) - (-11 + j)?
5
What is the tens digit of -57*(56/(-12) - -4)?
3
Let l(w) = -18*w**2 + 5*w - 2. Let m(c) = -35*c**2 + 11*c - 5. Let r(a) = -7*l(a) + 3*m(a). What is the units digit of r(-1)?
2
Suppose 0 = -2*i - 4*f - 16, -5*i + 3*f + 20 = -5. Suppose 3*b - 6*b = 0. What is the units digit of 0 - (b + 1 - i)?
1
Let n = -166 + 563. What is the tens digit of n?
9
Let x(o) = -o**2 - 20*o + 7. What is the units digit of x(-10)?
7
Let v(b) = b**3 + 10*b**2 - 23*b + 17. What is the units digit of v(-12)?
5
Suppose 2*s = 5*j - 41 + 6, j - s - 7 = 0. Let z(m) = -m + 1. Let u(i) = -3*i + 3. Let t(n) = u(n) - 4*z(n). What is the units digit of t(j)?
6
Suppose -t = k + 8 + 3, 0 = -4*t - 4. Let j = k - -25. Let g = j + -9. What is the units digit of g?
6
Suppose 2*i - 108 = -i. Suppose -7*m + i = -3*m. What is the units digit of m?
9
Suppose 0 = 2*z + 2*z - 24. Let n = -3 + z. Suppose 6*v - 9 = n*v. What is the units digit of v?
3
Let k(h) = -h**2 + 9*h - 8. Let f be k(8). Suppose -5*u = -3*x - 5, 3*u = -f*u + 3*x + 9. What is the units digit of u + (-1 - -7)/2?
1
Let y = 8 + -10. What is the units digit of ((-5)/y)/((-2)/(-12))?
5
Let c(j) = j**2 + 11*j - 17. Let q be c(-12). Let a(r) = r**3 + 9*r**2 + 11*r - 2. What is the tens digit of a(q)?
4
Let z = 18 + -13. Let d = z + -5. What is the units digit of d/(4 - 1) - -18?
8
Suppose 0 = 2*y + y + 18. Suppose -2*b - 2*b = 32. Let h = y - b. What is the units digit of h?
2
Let d = -66 + 156. What is the tens digit of d?
9
Let v = -33 - -68. What is the units digit of v?
5
Let f = -63 - -130. What is the tens digit of f?
6
Let j(n) = n**3 + 6*n**2 - 6*n + 5. What is the tens digit of j(-5)?
6
Let r = 46 + -36. What is the units digit of r?
0
Let l = 50 + -4. What is the tens digit of l?
4
Let h = 4 + -1. Let u be (2/h)/(6/36). Suppose m - 6 - u = 0. What is the tens digit of m?
1
Suppose -243 = -4*z - 3*k, -59 = -2*z + z + k. What is the tens digit of z?
6
Suppose -5*t = -8*t - 18. Let u = 4 - t. What is the units digit of u?
0
Let l(y) = -y + 9. Let w be l(9). Suppose 5*g + w*g - 440 = 0. What is the units digit of g/12 + 4/6?
8
Suppose 0 = 3*n - n + 8. What is the units digit of (-51)/(-6) + 2/n?
8
Let t(s) = s**3 + 5*s**2 + s - 3. Suppose 0*d - d = 0. Suppose v + 3 = -d*v. What is the tens digit of t(v)?
1
Suppose -4*j = -5*j + 23. Suppose 0 = s - 2*s + j. What is the units digit of s?
3
Suppose -4*r - 56 = -8*r. What is the tens digit of (-6)/r - (-2405)/91?
2
Suppose 5*a + n + 0*n = 7, 11 = 4*a - n. Suppose 3*l - 9 = -0, 0 = a*z - 5*l - 5. What is the units digit of z?
0
Let h(p) = 0 + 137*p - 155*p + 2. What is the units digit of h(-2)?
8
Let w = -10 - -11. Suppose -y = w - 38. What is the tens digit of y?
3
Let y be (-2)/(-2)*(1 - -16). Let u = -12 + y. What is the units digit of u?
5
Let f(o) = -o**3 - 13*o**2 - 12*o + 11. What is the units digit of f(-12)?
1
Let t = 132 + -50. What is the tens digit of t?
8
Let q = 97 - -84. What is the units digit of q?
1
Suppose -3*k - 285 = -2*r, -693 = -9*r + 4*r + k. What is the tens digit of r?
3
Let k = -1 + -6. Let u = k - -21. What is the units digit of u?
4
Suppose 5*f - 760 = 525. What is the units digit of f?
7
Let u = 98 - 57. What is the units digit of u?
1
Let p = 97 + -65. Let f = -10 + p. What is the units digit of f?
2
Let d = 879 - 625. What is the tens digit of d?
5
Suppose -u + 9 = 4. What is the tens digit of u/(15/114) + 1?
3
Let f(w) = -w**2 + 9*w + 2. Let c be f(9). Suppose -5*p + c*p = -48. What is the tens digit of p?
1
Suppose 0 = 6*y - 10 - 32. Suppose -8 - 8 = 4*m. Let u = m + y. What is the units digit of u?
3
Let f(r) = -r**3 - 12*r**2 - 14*r + 14. What is the units digit of f(-11)?
7
Let t(x) = x + 10. Let n be t(0). Suppose 5*k - n = -0*k. What is the units digit of k?
2
Let b = -3 + 5. Suppose -5*f + b*f = 0. Suppose f*m = -m + 6. What is the units digit of m?
6
Suppose 22 - 72 = -2*x. What is the units digit of x?
5
Let m(y) = y + 1. Let k be m(4). Suppose -3*f = -5*v + k, -6*f + f + 4*v + 9 = 0. What is the units digit of f?
5
What is the units digit of 4*((-60)/(-16) + -2)?
7
Let m(w) = -8 + 1 + 4*w - 5*w. What is the units digit of m(-9)?
2
Suppose -2*m - 36 = -n - 0, -5*m - 104 = -3*n. What is the units digit of n?
8
Let j(q) = -q**2 + 3*q + 2. Let b be j(4). Let u be (16/(-20))/(b/(-10)). What is the units digit of (-1 - -4)*u/(-3)?
4
Let u = -32 + 65. What is the units digit of u?
3
Let d = -68 + 166. What is the units digit of d?
8
Suppose 527 = 5*d - y, y + 533 = 5*d + 2*y. What is the units digit of d?
6
Suppose -2*h + 4*g + 124 = 2*g, 2*h = -2*g + 140. What is the tens digit of h?
6
Let x be 2/(-5)*(-1 - 34). Suppose 2*l - 6 = -2. Suppose 3*m = h + 26, -l*m + 3*h + x = -h. What is the units digit of m?
9
What is the tens digit of (6/(-4))/((-6)/184)?
4
Suppose -2*p + 145 = 3*t + 45, -p - 4 = 0. Suppose t - 12 = -2*j. Let n = 19 + j. What is the units digit of n?
7
Suppose -9*s = -3*s - 30. What is the units digit of s?
5
Suppose 2*u - 134 = -4*l, -2*l - 116 = -3*u + 69. What is the units digit of u?
3
Suppose 2*n - 8 = -4. Suppose 5*b + 0 + 1 = n*d, -3*d + 9 = -5*b. What is the units digit of d?
8
What is the units digit of (-11)/(3*1/(-3))?
1
Let n(o) = -3*o + 2 - 3 + o**2 + 3. Let f = 0 + 3. What is the units digit of n(f)?
2
Suppose 0 = n - 4 - 3. Let r(c) = c + 8. What is the tens digit of r(n)?
1
Let f(x) = -x + 1. Let r be f(3). Let a be 9 + 1/r*4. Suppose 3 = 2*t - a. What is the units digit of t?
5
Let j be 1 + 3 + 0/2. Let n = j - 2. Suppose n*k = -3*a + 22, -5*k + 3*a = -11 - 23. What is the units digit of k?
8
Let z be 0 - -3 - (2 + -3). Suppose 4 = 4*b + z*c, 4*c - 1 - 3 = 5*b. Suppose 0 = 3*f + 3, -3*f - 6 = -v - b*v. What is the units digit of v?
3
Let c(b) = -6*b + 325. What is the tens digit of c(0)?
2
Suppose 0 = -s - 5*y + 7, -8 = 2*s + 3*y + 6. What is the tens digit of (s/5)/(3/(-15))?
1
Let g(w) = w + 1. Let d be g(-1). Suppose 0 = -5*z + i + 58, -3*z + 6*z + i - 38 = d. What is the units digit of 102/z - 2/(-4)?
9
What is the units digit of (-4)/26 - (-2030)/13?
6
Let j(m) = m**2 - 5*m + 6. What is the units digit of j(9)?
2
What is th